ommon divisor of 9 and 51.
3
Calculate the greatest common divisor of 156 and 611.
13
Calculate the greatest common factor of 49 and 2401.
49
Calculate the highest common divisor of 12571 and 104.
13
What is the greatest common factor of 196 and 8575?
49
Calculate the highest common factor of 480 and 315.
15
Calculate the greatest common factor of 174 and 232.
58
What is the greatest common divisor of 140 and 113260?
140
Calculate the highest common divisor of 22 and 165.
11
Calculate the greatest common factor of 10 and 22670.
10
Calculate the greatest common factor of 83 and 2075.
83
Calculate the greatest common factor of 6392 and 752.
376
What is the highest common divisor of 81 and 3?
3
Calculate the highest common factor of 29 and 319.
29
What is the highest common divisor of 196 and 1078?
98
Calculate the highest common divisor of 2802 and 24.
6
Calculate the highest common divisor of 33 and 44.
11
Calculate the greatest common factor of 559 and 473.
43
Calculate the greatest common factor of 6 and 2.
2
What is the highest common factor of 99 and 1179?
9
Calculate the greatest common factor of 231 and 33.
33
What is the greatest common divisor of 273 and 84?
21
What is the greatest common divisor of 144 and 36360?
72
What is the greatest common divisor of 73 and 2774?
73
What is the greatest common factor of 312 and 24?
24
What is the greatest common divisor of 17 and 119?
17
Calculate the greatest common divisor of 391 and 46.
23
What is the greatest common factor of 34270 and 230?
230
What is the highest common factor of 10 and 5470?
10
Calculate the greatest common divisor of 10 and 14.
2
Calculate the greatest common factor of 1871 and 5.
1
What is the highest common divisor of 33 and 1001?
11
Calculate the highest common divisor of 24 and 10104.
24
What is the greatest common divisor of 365 and 219?
73
Calculate the highest common divisor of 30 and 610.
10
What is the greatest common factor of 12220 and 47?
47
Calculate the greatest common factor of 95 and 152.
19
Calculate the highest common divisor of 6 and 1214.
2
What is the greatest common divisor of 8 and 372?
4
Calculate the greatest common factor of 19 and 361.
19
What is the highest common factor of 2072 and 9472?
296
Calculate the greatest common factor of 110 and 9218.
22
What is the greatest common divisor of 650 and 455?
65
What is the greatest common divisor of 339 and 36?
3
What is the highest common divisor of 1480 and 256?
8
What is the greatest common factor of 513 and 54?
27
What is the greatest common divisor of 882 and 18?
18
What is the highest common divisor of 45 and 30?
15
What is the greatest common factor of 1 and 133?
1
What is the highest common factor of 46 and 5842?
46
Calculate the highest common factor of 245 and 5.
5
What is the highest common factor of 598 and 46?
46
Calculate the greatest common divisor of 80 and 9720.
40
Calculate the greatest common divisor of 665 and 10.
5
What is the highest common divisor of 174 and 2001?
87
Calculate the highest common divisor of 2608 and 16.
16
What is the highest common divisor of 544 and 204?
68
What is the highest common divisor of 14260 and 31?
31
What is the greatest common divisor of 124 and 1364?
124
Calculate the greatest common factor of 142 and 497.
71
What is the highest common divisor of 60 and 410?
10
What is the greatest common factor of 1903 and 865?
173
What is the highest common factor of 7943 and 47?
47
What is the greatest common factor of 189 and 22302?
189
Calculate the highest common divisor of 52512 and 12.
12
Calculate the highest common divisor of 95 and 147725.
95
What is the highest common divisor of 72 and 1602?
18
Calculate the highest common divisor of 96 and 128.
32
What is the greatest common factor of 407 and 121?
11
Calculate the greatest common factor of 51 and 425.
17
Calculate the greatest common factor of 537 and 5191.
179
Calculate the greatest common divisor of 60 and 2490.
30
What is the highest common factor of 8 and 3218?
2
Calculate the highest common factor of 165 and 715.
55
What is the greatest common factor of 42 and 14896?
14
What is the greatest common divisor of 194 and 582?
194
What is the highest common factor of 133 and 70?
7
What is the greatest common divisor of 584 and 8?
8
What is the highest common divisor of 48 and 336?
48
What is the greatest common factor of 8110 and 10?
10
What is the greatest common factor of 16 and 44?
4
Calculate the greatest common divisor of 35 and 90.
5
What is the highest common factor of 145 and 65?
5
What is the greatest common divisor of 16 and 128?
16
Calculate the greatest common factor of 15 and 50.
5
What is the highest common factor of 34 and 255?
17
Calculate the highest common factor of 5 and 181.
1
Calculate the greatest common divisor of 63 and 441.
63
Calculate the greatest common factor of 340 and 20.
20
What is the highest common divisor of 23 and 184?
23
Calculate the highest common divisor of 200 and 8.
8
What is the greatest common factor of 759 and 1863?
69
Calculate the highest common divisor of 176 and 836.
44
What is the greatest common factor of 473 and 66?
11
What is the highest common factor of 56 and 3122?
14
What is the highest common factor of 2160 and 135?
135
What is the highest common divisor of 52 and 533?
13
Calculate the highest common divisor of 51 and 10353.
51
What is the greatest common divisor of 1140 and 1420?
20
What is the highest common divisor of 2356 and 248?
124
What is the greatest common factor of 183 and 244?
61
What is the highest common factor of 88 and 143?
11
Calculate the greatest common divisor of 36 and 90.
18
What is the highest common factor of 201 and 8040?
201
What is the highest common divisor of 2050 and 150?
50
What is the greatest common factor of 27 and 33?
3
What is the highest common divisor of 15 and 1600?
5
What is the greatest common factor of 22344 and 114?
114
What is the highest common divisor of 18 and 126?
18
Calculate the highest common factor of 1968 and 576.
48
What is the greatest common divisor of 2392 and 368?
184
What is the highest common factor of 489 and 3097?
163
What is the greatest common divisor of 1695 and 15?
15
Calculate the highest common divisor of 279 and 372.
93
What is the greatest common factor of 49 and 2009?
49
What is the greatest common divisor of 208 and 48?
16
Calculate the greatest common divisor of 43 and 15695.
43
What is the highest common divisor of 9 and 7611?
3
Calculate the greatest common factor of 49 and 1.
1
Calculate the greatest common factor of 102 and 5508.
102
What is the greatest common divisor of 5071 and 11?
11
Calculate the highest common divisor of 2274 and 42.
6
What is the highest common divisor of 42 and 16338?
42
Calculate the highest common factor of 10 and 830.
10
What is the highest common factor of 21 and 3903?
3
Calculate the highest common divisor of 227 and 5221.
227
What is the greatest common factor of 12 and 12?
12
What is the highest common factor of 10 and 190?
10
What is the highest common factor of 3861 and 77?
11
What is the highest common factor of 6615 and 567?
189
Calculate the greatest common factor of 24 and 84.
12
Calculate the highest common factor of 29 and 2813.
29
Calculate the greatest common divisor of 24 and 24276.
12
What is the greatest common factor of 64 and 12?
4
Calculate the greatest common divisor of 1395 and 186.
93
Calculate the highest common factor of 544 and 1122.
34
Calculate the highest common divisor of 40 and 140.
20
What is the highest common factor of 27 and 81?
27
Calculate the highest common factor of 2964 and 52.
52
Calculate the greatest common divisor of 32 and 8992.
32
What is the greatest common factor of 12 and 69?
3
Calculate the highest common factor of 18 and 15.
3
What is the greatest common divisor of 385 and 2805?
55
Calculate the highest common divisor of 10496 and 64.
64
Calculate the greatest common divisor of 4182 and 510.
102
Calculate the greatest common divisor of 315 and 42.
21
What is the highest common divisor of 10 and 230?
10
What is the highest common factor of 1349 and 475?
19
Calculate the greatest common divisor of 228 and 60.
12
What is the highest common divisor of 4730 and 344?
86
Calculate the greatest common 